23?
False
Is 169 a factor of 49473736?
True
Is 556 a factor of 129138149?
False
Is 321795980 a multiple of 250?
False
Is 255465954 a multiple of 932?
False
Is 783 a factor of 12462228?
True
Is 31631352 a multiple of 43?
False
Is 32674789 a multiple of 21?
False
Is 1047 a factor of 72855749?
False
Is 212836219 a multiple of 13?
False
Does 25 divide 559128385?
False
Does 29 divide 53350892?
False
Does 313 divide 54811934?
True
Is 21444115 a multiple of 539?
True
Is 690 a factor of 4732901?
False
Is 140626530 a multiple of 110?
True
Is 5 a factor of 9009390?
True
Is 12 a factor of 31131000?
True
Does 32 divide 32853462?
False
Is 39567078 a multiple of 87?
True
Is 176 a factor of 4219066122?
False
Is 508044561 a multiple of 23?
False
Is 52 a factor of 157197848?
False
Does 1799 divide 221757333?
True
Does 203 divide 381502569?
True
Is 13 a factor of 277617142?
False
Is 262163130 a multiple of 3084?
False
Does 8652 divide 250556616?
False
Is 176 a factor of 17328080?
True
Is 1119902098 a multiple of 34?
True
Is 85828385 a multiple of 642?
False
Is 390 a factor of 1961475750?
True
Is 57328354 a multiple of 151?
False
Is 84 a factor of 37571678?
False
Is 122549135 a multiple of 3507?
False
Does 8 divide 266195214?
False
Is 1999185439 a multiple of 1109?
False
Does 2591 divide 211594015?
True
Is 2562634200 a multiple of 2534?
True
Is 1366 a factor of 2476960970?
True
Is 48 a factor of 9263472?
True
Is 305 a factor of 22276748?
False
Is 186675072 a multiple of 64?
True
Does 28 divide 641295676?
True
Is 72 a factor of 59436216?
True
Does 4 divide 876530715?
False
Does 15 divide 620509845?
True
Is 372279544 a multiple of 433?
True
Is 20 a factor of 37573700?
True
Does 13 divide 52156351?
True
Is 14 a factor of 32019621?
False
Is 976159858 a multiple of 221?
False
Does 16 divide 192411797?
False
Does 10312 divide 502466159?
False
Is 6 a factor of 77756724?
True
Is 1988013424 a multiple of 4414?
False
Is 37 a factor of 281709264?
False
Is 61527161 a multiple of 769?
False
Does 11 divide 482673124?
False
Does 152 divide 937245716?
False
Is 287542610 a multiple of 25?
False
Does 21 divide 167953730?
False
Is 1666 a factor of 182808514?
True
Is 309066207 a multiple of 10?
False
Is 1222447312 a multiple of 10996?
True
Is 923 a factor of 3977288260?
False
Does 21 divide 343550130?
True
Is 12925248 a multiple of 672?
True
Is 16 a factor of 7114907?
False
Is 43920755 a multiple of 631?
True
Is 183 a factor of 5048120?
False
Does 387 divide 114367401?
True
Is 294608137 a multiple of 2561?
False
Is 131 a factor of 22118319?
False
Is 687 a factor of 18604647?
True
Is 85 a factor of 20878868?
False
Is 2636083080 a multiple of 45?
True
Does 56 divide 342848004?
False
Is 71 a factor of 173294922?
False
Is 31 a factor of 44828015?
True
Is 26103348 a multiple of 8?
False
Does 16 divide 777166665?
False
Does 3 divide 241063478?
False
Is 45443706 a multiple of 38?
True
Is 86 a factor of 61794222?
False
Is 575 a factor of 1530517631?
False
Is 454748866 a multiple of 101?
False
Does 3 divide 1473328?
False
Is 626588831 a multiple of 26?
False
Is 209706778 a multiple of 15?
False
Is 4494815344 a multiple of 74?
False
Is 452 a factor of 7115037?
False
Is 7 a factor of 52339562?
False
Is 597394850 a multiple of 6695?
True
Is 417292605 a multiple of 9?
True
Is 1275 a factor of 2241149768?
False
Is 13513566 a multiple of 394?
False
Is 71 a factor of 30789352?
False
Does 410 divide 106099390?
True
Is 216484752 a multiple of 176?
True
Is 5 a factor of 7815910?
True
Is 143805766 a multiple of 853?
False
Is 2239 a factor of 1856293206?
False
Is 24004112 a multiple of 44?
True
Is 7324 a factor of 16852440?
False
Is 43250210 a multiple of 170?
True
Is 88 a factor of 11130025?
False
Does 70 divide 48936160?
True
Is 4 a factor of 251463817?
False
Is 13 a factor of 4079896977?
True
Is 5075262 a multiple of 9?
True
Does 13999 divide 5382531506?
True
Does 5148 divide 232574439?
False
Is 49590555 a multiple of 132?
False
Is 182 a factor of 1603186?
False
Is 4017864731 a multiple of 27?
False
Is 21 a factor of 95206062?
True
Is 4111526560 a multiple of 1580?
True
Does 13 divide 42539887?
True
Does 4 divide 22456864?
True
Is 4437 a factor of 3361101898?
False
Is 146 a factor of 71144486?
True
Is 17942606 a multiple of 424?
False
Is 20 a factor of 2717260?
True
Does 48 divide 1419408?
True
Is 78454320 a multiple of 1340?
True
Does 1481 divide 62394530?
True
Does 25 divide 131816141?
False
Is 143 a factor of 382858823?
False
Is 230293699 a multiple of 2364?
False
Does 617 divide 402566774?
False
Is 88 a factor of 701679910?
False
Is 164765355 a multiple of 31?
False
Is 64552943 a multiple of 2821?
True
Does 38 divide 22967352?
True
Is 124908169 a multiple of 12?
False
Is 232 a factor of 35001144?
True
Is 90832500 a multiple of 1875?
True
Is 76743482 a multiple of 3523?
False
Does 952 divide 232434608?
True
Does 12 divide 17112217?
False
Is 84 a factor of 246812160?
True
Does 562 divide 314890848?
True
Is 1589160374 a multiple of 86?
True
Does 8816 divide 579766608?
True
Is 32 a factor of 220922560?
True
Is 159120886 a multiple of 447?
False
Does 1257 divide 106000296?
True
Is 22 a factor of 20143090?
True
Is 375 a factor of 816709500?
True
Is 1088014080 a multiple of 22?
False
Is 782890020 a multiple of 22?
True
Is 343692852 a multiple of 12?
True
Does 279 divide 57949253?
False
Is 15261012 a multiple of 52?
True
Does 535 divide 31128440?
True
Does 37 divide 26604589?
False
Is 188775721 a multiple of 16?
False
Is 62326897 a multiple of 19?
True
Is 49906058 a multiple of 86?
True
Is 384095043 a multiple of 62?
False
Is 1881504 a multiple of 288?
True
Does 4 divide 1010808067?
False
Does 2 divide 3970387?
False
Does 4064 divide 126097792?
True
Does 10 divide 17258934?
False
Does 1769 divide 15645036?
True
Does 17 divide 356893240?
True
Does 101 divide 4644586?
True
Does 37 divide 29302852?
False
Is 8671807 a multiple of 1249?
True
Does 6 divide 4540843?
False
Is 88759269 a multiple of 9?
True
Does 232 divide 59472736?
True
Is 41437706 a multiple of 392?
False
Does 3 divide 199033716?
True
Does 18 divide 24581574?
True
Does 4712 divide 371395128?
True
Is 188 a factor of 9663764?
True
Is 197589222 a multiple of 846?
True
Is 216822600 a multiple of 3260?
True
Is 1336555 even?
False
Is 133661006 a multiple of 458?
False
Is 169 a factor of 4604574?
True
Does 3362 divide 160355480?
False
Does 27 divide 225596529?
True
Is 31825116 a multiple of 36?
True
Does 1215 divide 11396700?
True
Is 5670 a factor of 242568270?
True
Does 18 divide 1799483994?
True
Does 226 divide 912240?
False
Does 347 divide 48238171?
False
Is 642 a factor of 77002764?
True
Is 39 a factor of 82970521?
False
Is 156 a factor of 18742776?
True
Is 3334496 a multiple of 44?
True
Is 25427178 a multiple of 127?
True
Does 2003 divide 62813432?
False
Does 11 divide 122478037?
True
Is 7187733 a multiple of 1916?
False
Does 17 divide 426292986?
True
Does 197 divide 2054399?
False
Is 569182387 a multiple of 44?
False
Is 157002392 a multiple of 997?
False
Is 9 a factor of 17204856?
False
Does 1220 divide 26599660?
True
Is 3558 a factor of 43964776?
False
Does 253 divide 621220501?
True
Is 1090966832 a multiple of 109?
False
Is 321 a factor of 195437961?
True
Is 92302694 even?
True
Is 64 a factor of 50743104?
True
Is 4437777161 a multiple of 19?
True
Does 18 divide 47359951?
False
Does 55 divide 23475147?
False
Is 356 a factor of 8365766?
False
Is 302 a factor of 35151632?
False
Is 5 a factor of 314180?
True
Is 210 a factor of 21288750?
True
Does 84 divide 67594884?
True
Is 185583600 a multiple of 18?
True
Does 6 divide 48563136?
True
Is 49 a factor of 23669577?
False
Is 1470 a factor of 743894970?
True
Does 17 divide 21271760?
True
Is 457553131 a multiple of 2303?
True
Does 172 divide 197594012?
False
Is 8 a factor of 5926678?
False
Is 67 a factor of 568415196?
False
Does 101 divide 6998391?
True
Is 509665583 a multiple of 67?
True
Is 7274 a factor of 61654424?
True
Is 9 a factor of 52107587?
False
Does 18 divide 34132745?
False
Is 35 a factor of 187568557?
False
Is 631 a factor of 190190972?
True
Is 16 a factor of 272580144?
True
Is 1705449372 a multiple of 3700?
False
Does 9 divide 1676847411?
True
Is 186 a factor of 16197697?
False
Is 19